m - 16. Let u be l(8). Calculate the greatest common divisor of u and w.
84
Suppose 2 = h - 5. Let j = -29 - -33. Suppose 2*z - 86 = j*k, -z - k = -3*z + 95. What is the greatest common factor of z and h?
7
Let r(z) = 2*z**3 - 127*z**2 - 64*z + 2. Let y be r(64). Let u = 0 - -2. Calculate the highest common factor of y and u.
2
Let r(w) be the third derivative of 5*w**4/24 + 32*w**3/3 - 17*w**2. Let l be r(-12). Suppose -1 = -t + 3. Calculate the greatest common divisor of l and t.
4
Let v(j) = j**3 + 3*j**2 - 11*j - 9. Let k = -79 + 75. Let q be v(k). What is the highest common factor of q and 171?
19
Suppose 19*f - 25482 = 401 + 32067. What is the greatest common divisor of f and 700?
50
Let v = -55 - -58. Let z be (-72)/(-4*(1 + v/(-4))). What is the greatest common factor of 32 and z?
8
Let x(v) = 16*v**2 + 263*v + 3955. Let j be x(-14). Calculate the highest common divisor of 7 and j.
7
Let w = 401 + -359. Let g be 749/w + 4/24. Calculate the highest common factor of g and 66.
6
Suppose 113 = 4*y + 41. Suppose 19*d - y*d = -24. Let o be (d/(-60))/((-14)/60)*-7. What is the greatest common divisor of 4 and o?
4
Suppose 2*a - 1148 = -14*a + 9*a. What is the greatest common factor of a and 14?
2
Let w = -3185 - -3486. What is the greatest common factor of 21 and w?
7
Let s be (-8)/24 - 5450/(-15). Suppose -1523 + s = -29*l. Calculate the greatest common factor of 16 and l.
8
Let q = -3227 - -3249. What is the greatest common divisor of q and 803?
11
Let q(w) = w**2 - w + 104. Let h be q(0). Let f(g) = -2*g - 4. Let t be f(-22). Suppose 91 = -t*v + 47*v. Calculate the greatest common factor of h and v.
13
Let n(t) be the first derivative of t**2 + 28*t - 103. Let i be n(9). Calculate the greatest common factor of i and 46.
46
Let l(h) = -9*h - 21. Suppose -7 = 23*c - 22*c. Let o be l(c). Let t = o + -16. What is the highest common factor of 13 and t?
13
Let n(c) = c**3 - 32*c**2 - 31*c + 105. Let f be n(34). Calculate the highest common factor of f and 188.
47
Suppose 58*c - 3*c = 2270 + 13405. Calculate the highest common factor of c and 1824.
57
Let a(b) = 2*b**3 - 5*b**2 - 21*b + 123. Let t be a(5). Calculate the greatest common divisor of t and 66.
11
Let v(c) = -c + 63. Let s be v(0). Suppose 660 = -4*g - 6*w + 2*w, 0 = g + 3*w + 161. Let y = g - -174. What is the highest common factor of y and s?
7
Let q = 27 - 15. Let h = -40 + 43. Suppose -2*r - h*l + 7 = 0, r + l - 4*l = 17. What is the highest common divisor of q and r?
4
Suppose 112 + 160 = -16*x. Let j(g) = -3*g**2 - 50*g + 37. Let n be j(x). What is the greatest common factor of 4 and n?
4
Let o = -3625 + 3705. Calculate the highest common factor of 50 and o.
10
Suppose 0*u + 2*u - 42 = 0. Let f = 368 - 65. Let s = f - 261. What is the greatest common divisor of s and u?
21
Let g be (-14)/(-63) - 80/(-45). Suppose -4*o + 168 = y, -3*o - g*o + 3*y = -210. Calculate the greatest common factor of 168 and o.
42
Let j(f) = -5*f**2 - 71*f + 1957. Let w be j(0). Calculate the greatest common divisor of w and 103.
103
Suppose 0 = -4*r - 8, 0 = -2*v + v - 4*r - 3. Suppose 1674 + 3863 = v*j - 3*z, -4 = z. Calculate the greatest common factor of 13 and j.
13
Suppose 3*h - 3*c = -2*h + 4299, -15 = 5*c. Suppose b = -3*g + 687 - 41, h = 4*g - 2*b. Calculate the greatest common factor of 301 and g.
43
Suppose -5*s + 103 + 97 = 2*n, -2*s + 94 = -2*n. Let v = 18 + -6. Calculate the greatest common factor of s and v.
6
Suppose 3432 = 49*g - 25*g. Let j be 3454/g + (-8)/52. Calculate the highest common factor of j and 312.
24
Suppose 26 = m + 2*u, -2 - 43 = -2*m + 3*u. Let d be (-5859)/(-7) - 6/((-2)/1). Suppose -5*n + 0*n = -d. Calculate the highest common factor of m and n.
24
Suppose -3*s - 10 = 365. Let p(t) = t**3 - 7*t**2 + 5*t + 12. Let q be p(5). Let y = q - s. Calculate the greatest common factor of y and 7.
7
Let k(w) be the first derivative of 15*w**2/2 - 3*w + 46. Let z be k(2). Let n(v) = -v + 18. Let h be n(9). Calculate the greatest common factor of h and z.
9
Suppose -4*u = -3*b - 309, 228 = 28*u - 25*u - 3*b. Let m = 171 - u. What is the greatest common factor of m and 5?
5
Let z be (-5 + 0)*-120*2. Suppose -5*m + 198*d - 199*d = -72, 4*m - 88 = 3*d. Calculate the greatest common divisor of z and m.
16
Let p(i) = -i**3 + i**2 - 19*i - 42. Let h be p(-3). Calculate the greatest common factor of h and 561.
51
Let a = -7 + -4. Let i be (a/(-3))/((-3)/(-342)). Let h be (12 - (-1053)/(-26))/(240/(-320)). Calculate the highest common divisor of h and i.
38
Let b(a) be the third derivative of a**5/20 + a**4/8 - 2*a**3 - 1784*a**2. Let c be (3*-1)/(6/8). Let j be b(c). What is the highest common factor of j and 84?
12
Let z = 1245 + -1196. What is the highest common divisor of 22001 and z?
49
Let u(c) = -9*c**3 + 175*c**2 + 551*c + 11. Let x be u(-3). Let g be 0 - -1 - (-93)/3. Calculate the greatest common factor of x and g.
16
Let z(i) = i**3 - 6*i**2 - 16*i + 29. Let m be z(13). Suppose -33*h + 250 = -m. Calculate the greatest common factor of 114 and h.
38
Let c = 15255 - 14915. Calculate the greatest common divisor of c and 255.
85
Suppose 53*w - 41*w = 1140. Suppose -8*z + 461 - 157 = 0. What is the greatest common divisor of z and w?
19
Suppose -3*x - 11*p = -13*p - 1603, -3*x - 2*p + 1631 = 0. What is the highest common factor of 70 and x?
7
Let b(f) = -68*f - 2120. Let t be b(-39). What is the highest common factor of 896 and t?
28
Suppose -5*w + 2*d = -668, -35 = -2*w - 5*d + 267. Calculate the highest common divisor of w and 3026.
34
Let v(y) = -y**3 - 8*y**2 - 16*y - 108. Let n be v(-8). What is the greatest common factor of 64 and n?
4
Let z be -5 - ((-4)/(-2))/(-2) - -122. Calculate the greatest common factor of z and 20414.
118
Suppose -w - 3485 = 5*t, -7*t + 8*t + 721 = -5*w. Let x be (-16)/(-104) + t/(-39). Let m = 366 - 240. What is the greatest common divisor of x and m?
18
Let w(x) = 2*x**3 + 28*x**2 - 2*x + 3. Let b be w(-9). Let i = b - 743. What is the greatest common divisor of 143 and i?
11
Suppose 255 = 11*p - 9*p - d, 2*d = 10. What is the greatest common factor of 182 and p?
26
Suppose 11*v + 1 - 60 = 7. Let w(y) be the first derivative of 5*y**3/3 - 12*y**2 - 3*y - 1. Let g be w(v). What is the greatest common factor of 132 and g?
33
Suppose 8364*z + 4200 = 8369*z. Calculate the greatest common factor of z and 154.
14
Let s = 316180 + -316116. Let t be (-2)/(-9) - (-5182)/9. Calculate the greatest common divisor of t and s.
64
Let s be 0 + (0 - (-12 + 6)). Suppose -5*i - 3041 = -5*b - s*i, -3*b + 1823 = -i. Calculate the greatest common factor of 19 and b.
19
Suppose 86 = c + 3*k, -20 = 4*c + 3*k - 400. Let r be 1*1/2 + 1519/c. Let o be ((-18)/(-4))/(-2 - (-44)/r). Calculate the highest common divisor of o and 12.
6
Let i(s) = 13*s + 53. Let b be i(-3). Suppose -17*d + b*d + 306 = 0. What is the greatest common divisor of 255 and d?
51
Suppose 33 = w + 4*p - 9*p, 2*w - 3*p = 52. Let i = w + 71. Calculate the greatest common factor of i and 2.
2
Suppose 82*m = -5*h + 77*m + 3330, -m = -h + 654. What is the highest common factor of h and 3465?
165
Let v(f) = -f**3 + 15*f**2 + 4*f - 6. Let z be v(16). Let a = z + 232. Calculate the greatest common divisor of 119 and a.
17
Suppose 2*b - 120 = -42. Suppose 0 = 4*k + 16, v - 2*k = -7*k - 21. Let c be (26/(-3 - v))/(-1). What is the highest common divisor of b and c?
13
Let h(n) = -4*n**2 - 3*n - 32. Let t be h(-12). Let i be (t/(-16))/(2/8). Calculate the highest common factor of 13 and i.
13
Let a(l) = -l**2 - 96*l - 991. Let n be a(-17). What is the greatest common divisor of 396 and n?
44
Suppose -36*q + 7174 - 838 = 0. Calculate the greatest common factor of q and 308.
44
Let q = 54 + 6. Let n = 7732 + -7648. What is the greatest common factor of n and q?
12
Let i = -11 + 35. Let v be ((-26)/8 + 6/i)*-90. Calculate the highest common factor of v and 54.
54
Suppose -1187 = -18*o + 3061. Suppose 0 = -2*h - 4*t + 586, -2*h = -2*t - 0*t - 592. What is the greatest common divisor of h and o?
59
Suppose -r + 0*r + n + 834 = 0, 4200 = 5*r + 5*n. What is the greatest common divisor of r and 124?
31
Let k = -19957 + 20607. What is the highest common divisor of k and 832?
26
Suppose 4*n - 10*n - 15*n + 4368 = 0. Calcu